be 16/24 - (-8)/6. Suppose -k*a = -3*p + 3, 4*a = 4*p - 0*p. What is the greatest common factor of p and l?
3
Suppose -5*v - 49 = -5*g - 129, 0 = -5*v + 4*g + 83. Calculate the highest common factor of 57 and v.
19
Let q be (-660)/(-8)*(-8)/(-6). Suppose 0*b = 2*b - q. What is the greatest common factor of b and 22?
11
Let k be (-1 + -2)*(-62)/6. Suppose 3*a - g - k = 0, 2*a + a + g - 23 = 0. Calculate the greatest common divisor of 45 and a.
9
Let b(h) = h + 7. Let w be b(-4). Let c = -8 - -13. Suppose 2*m = 4*z + 10, -m + c*z - 1 = -w. Calculate the highest common factor of m and 1.
1
Let s(k) = -9*k**2 + 24*k + 47. Let z(w) = -5*w**2 + 12*w + 24. Let g(v) = 6*s(v) - 11*z(v). Let i be g(-12). What is the greatest common divisor of 9 and i?
9
Let v(g) = -g + 2. Let x be 2/(2/4 + -1). Let s be v(x). What is the highest common divisor of 66 and s?
6
Let u(d) = -d**3 + 12*d**2 - 7*d - 14. Let s be u(11). What is the greatest common divisor of 75 and s?
15
Let n(u) = -32*u - 5. Let o be n(-5). Suppose -15 = -5*t + o. What is the highest common divisor of t and 34?
34
Let v = -7 - -7. Suppose -4*y = -3*s - 32, 5*y - 13 = -v*y - 3*s. Suppose -2*k = -k - 55. Calculate the highest common factor of k and y.
5
Let m(t) = t**2 - 6*t. Let b be m(6). Let d(h) = h + 2. Let g be d(b). Suppose -g*p + 20 = -0*p. Calculate the greatest common divisor of p and 10.
10
Let c(q) be the third derivative of q**4/24 - 5*q**3/6 + 2*q**2. Let v be c(6). Let z be v/(-1) + 46 - -1. Calculate the greatest common factor of 23 and z.
23
Let k(y) = 12*y - 6. Let g be k(2). What is the highest common divisor of 162 and g?
18
Suppose -7*l + 50 = -2*l. Let p = 22 - l. What is the highest common divisor of 12 and p?
12
Let v = 68 + -38. Suppose -2*o + 2*k = -2*k - 16, -2*o + 20 = -2*k. Let t be 182/o + (-1)/6. What is the greatest common divisor of v and t?
15
Let z(t) = -9*t - 47. Let n be z(-7). What is the highest common factor of n and 24?
8
Let t = -2 - -3. Let p be (464/(-8))/(-2*t). Calculate the highest common divisor of p and 319.
29
Suppose -2*n + 30 = n. Suppose 3*m + m - 31 = -5*h, 4*m = -3*h + 25. Calculate the highest common factor of m and n.
2
Suppose 53 = 6*q + 5. What is the highest common factor of q and 1?
1
Let g = -1 + 3. Suppose -17 = -g*s + s. Suppose 0 = -v + b + 150, 3*v = 3*b + 2*b + 444. What is the highest common divisor of s and v?
17
Suppose 6*s + 40 = 10*s. Let i be ((-12)/s)/((-30)/1700). Calculate the highest common divisor of i and 17.
17
Suppose 5*g + k - 5 = 0, g + 1 = -4*k + 2. Let l = 3 - g. Suppose 0 = -2*s - 2*x + 1 + 7, 0 = 5*x. What is the highest common factor of l and s?
2
Let h = 14 + -10. Suppose -4*z = -z - 3, -5*u + z + 79 = 0. What is the highest common divisor of h and u?
4
Suppose -4*a + 2 + 78 = 0. Suppose 0 = -5*i - 5*v + a, 3 + 1 = 3*i - 5*v. Calculate the greatest common divisor of 15 and i.
3
Suppose 15 = 8*i - 3*i. Let d be ((1 + -1)/i)/1. Suppose 2*v = -d*v + 10. Calculate the greatest common factor of 55 and v.
5
Suppose -7*o = -9 - 831. Calculate the highest common divisor of o and 24.
24
Let c(a) = -a**3 + 5*a**2 + 4. Let x be c(5). Suppose 0 = 2*j - x. Suppose -3 = -s, -3*n + j*s - 3 = -0. What is the highest common factor of 1 and n?
1
Let y(i) = i**2 - 10*i + 5. Let j be y(10). Suppose -2*d + 68 = -4*f, -4*d + j*f + 31 = -105. What is the greatest common factor of 51 and d?
17
Suppose -57 = 3*b - 177. Let f be 62 - (4*-1)/(-2). What is the greatest common divisor of f and b?
20
Let v(d) = -30*d + 36. Let z be v(1). Suppose -4*j - 51 = -267. What is the greatest common factor of z and j?
6
Suppose 4*m = 3*m + 2. Let h be 2/m*1 + -2. Let k be (-1)/h + -2 + 12. Calculate the highest common factor of 55 and k.
11
Suppose m + 2*m = 12. Suppose 5*w = 4*y + 47, 3*w = -m*y - 2 - 21. Let t be (-1)/2 + (-620)/y. Calculate the greatest common divisor of 7 and t.
7
Suppose 4*g + 28 = 4*z, 4 = 2*g - g. Suppose -i + 31 + 2 = 0. What is the highest common divisor of i and z?
11
Suppose y + 0*y - h = 55, h = -3*y + 153. Suppose 2*d = -0*d + y. What is the highest common divisor of d and 39?
13
Let o(y) = -3*y - 2. Let r be o(-2). Suppose -r*i = -5*i + 6. Let c(l) = l**2 + 6*l - 6. Let m be c(6). Calculate the greatest common divisor of m and i.
6
Let l(n) = 3*n**2 - 9*n - 9. Let y(i) = 13*i**2 - 36*i - 37. Let s(f) = -9*l(f) + 2*y(f). Let d be s(9). What is the highest common divisor of d and 77?
7
Let f be 0/(1 - (-3)/3). Let g(a) = -a + 4. Let p be g(f). What is the greatest common factor of 8 and p?
4
Let d(z) = -z - 1. Let u be d(-6). What is the greatest common divisor of u and 45?
5
Let w be 1 - (2/1 + -79). Let u = 1 + 8. Let h be ((-26)/(-6))/(3/u). Calculate the greatest common divisor of w and h.
13
Let y be ((-6)/4)/((-3)/8). Let p = y - -6. What is the highest common factor of p and 50?
10
Suppose 693 = -5*d + 14*d. Calculate the highest common divisor of d and 11.
11
Let z(n) = -n**3 + 7*n**2 - 5*n - 7. Let t be z(5). Calculate the highest common factor of 18 and t.
18
Suppose 0*v + 549 = 3*v. Let m = v + -106. Calculate the highest common factor of m and 7.
7
Let i be (-15)/(-1 + -1 + 1). Let v be 228/44 - (-5)/((-110)/4). Calculate the greatest common divisor of i and v.
5
Let w(g) = g**3 + 9*g**2 + 3. Let m be w(-9). Suppose -2*j = -m*j. Suppose j*v = -2*v + 100. What is the highest common divisor of 20 and v?
10
Let o = -15 + 33. Suppose -5*p + 2*p - 6 = 0. Let b(f) = 3*f**2 + 2*f + 1. Let y be b(p). Calculate the greatest common factor of y and o.
9
Suppose -2*w - 1 - 1 = 0. Let o = 4 + w. Let r be ((-6)/9)/(4/(-126)). What is the greatest common factor of r and o?
3
Suppose 3*v - 2 = -14. Let f(g) = g**2 + 2*g + 3. Let b be f(v). Suppose -5 = -5*l, -3*l = -4*p + 188 - 15. What is the highest common divisor of p and b?
11
Let h be 6 + (3 - (5 - 2)). Suppose 2*a = 13 - 1. What is the greatest common factor of h and a?
6
Suppose -2*m - 2 = -5*u, u = -m - m + 10. Suppose s = -3*s - l + 10, 18 = m*s - 3*l. Calculate the highest common factor of 2 and s.
1
Let f(d) = -d**3 + 2*d**2 - 3*d - 2. Let s be f(-3). Suppose 2*z = 4*z - s. Calculate the greatest common divisor of z and 65.
13
Suppose -6 = 4*d - 14. Suppose 30 = 4*g - d*g. What is the greatest common divisor of 5 and g?
5
Let g(v) = v**3 + 3*v**2 - 5*v. Let w be g(-4). Suppose 4*u = -w - 0, 0 = 3*x - u - 241. Let q = 106 - 96. Calculate the greatest common factor of x and q.
10
Let u be (38 - 39)/((-2)/58). Calculate the highest common divisor of 203 and u.
29
Let g(u) = -3*u + 18. Let h be g(4). What is the highest common factor of 36 and h?
6
Let g be 2/9 + (-52)/(-9). What is the greatest common factor of g and 6?
6
Let c(j) = 13*j**2 + 5*j + 3. Let a be c(2). What is the highest common factor of 26 and a?
13
Suppose 0*m - 4 = -2*m. Let k be m/(1/(29/(-2))). Let u = -15 - k. What is the highest common factor of 98 and u?
14
Let w(r) = -r. Let s be w(-4). Suppose 0 = -5*y + o + 3*o + 68, -40 = -4*y - s*o. What is the greatest common factor of y and 30?
6
Let a(o) be the second derivative of o**5/5 + o**4/12 - o**3/6 - 2*o. Let b be a(1). Calculate the highest common divisor of 6 and b.
2
Let t(g) be the first derivative of -4*g**2 + g - 1. Let u be t(-1). Suppose u = 4*r - 3. What is the greatest common divisor of 15 and r?
3
Let a(f) = 19*f**2 - 1. Let k be a(-1). Suppose -13 = 3*m - c, 0*m = 2*m + c + 17. Let n be m*((-14)/4 + 2). Calculate the highest common divisor of n and k.
9
Let g = 66 + -22. Let c = 107 - g. Suppose i + u = 10, 2*u - 1 = 1. Calculate the greatest common factor of c and i.
9
Suppose 4 = -2*i - 4*q, 5*i - 52 = 3*q + 3. Let u = i - 6. Suppose w = -u*w + 60. Calculate the greatest common factor of w and 100.
20
Suppose 0 = -2*p - 5*w - 2, -5*p - w - 34 = -3*w. Suppose x + 5 = h, 7*x - 4*h + 19 = 4*x. Let j = x - p. What is the highest common factor of 35 and j?
5
Let t = -20 + 30. What is the greatest common divisor of t and 10?
10
Let d = -28 - -56. Let k = -6 - -13. What is the highest common factor of k and d?
7
Let m = 739 + -489. Calculate the highest common divisor of 10 and m.
10
Suppose -17 - 68 = -5*r. Calculate the highest common factor of 17 and r.
17
Let l be (-2)/3*(-19 - -1). Let f(q) = q**3 - 2*q**2 - 4*q - 5. Let j b